6?
-50512
Convert -273 (base 15) to base 12.
-3a6
What is 12 (base 16) in base 3?
200
Convert -31241 (base 5) to base 2.
-100000010111
Convert 11101010011 (base 2) to base 8.
3523
What is 33270 (base 8) in base 12?
8134
Convert 610 (base 10) to base 14.
318
Convert 36c (base 13) to base 11.
4a3
Convert 100311 (base 6) to base 14.
2c39
Convert 3054 (base 8) to base 4.
120230
20120120 (base 3) to base 9
6516
-314e (base 15) to base 13
-498b
What is 2150 (base 10) in base 8?
4146
-1044 (base 7) to base 13
-22b
-2227 (base 10) to base 12
-1357
-800 (base 11) to base 10
-968
Convert -d6d (base 15) to base 5.
-44103
-3e5 (base 15) to base 6
-4042
-644 (base 11) to base 14
-3d4
What is 24223 (base 5) in base 4?
130111
What is -1101101120 (base 3) in base 11?
-19530
Convert 2684 (base 9) to base 8.
3744
What is 733 (base 14) in base 3?
1221111
Convert -1144 (base 12) to base 10.
-1924
-101002 (base 4) to base 8
-2102
-2044 (base 6) to base 12
-324
-204 (base 9) to base 16
-a6
What is 12102122 (base 3) in base 10?
3959
What is 2198 (base 15) in base 2?
1101111001110
Convert 23220 (base 6) to base 16.
cfc
What is -271 (base 13) in base 16?
-1ae
Convert -19376 (base 12) to base 16.
-8fca
1b4 (base 15) to base 4
12022
What is 100222 (base 4) in base 5?
13231
Convert -10100010011 (base 2) to base 13.
-78c
-2bd5 (base 14) to base 16
-1e97
What is -506 (base 11) in base 9?
-748
Convert -250 (base 9) to base 8.
-317
-1301 (base 7) to base 10
-491
25621 (base 7) to base 4
1222222
-3562 (base 10) to base 2
-110111101010
Convert -1537 (base 8) to base 14.
-459
What is 28d (base 15) in base 16?
247
-102 (base 9) to base 7
-146
What is 23c (base 15) in base 10?
507
What is -21112 (base 4) in base 5?
-4343
What is -12022 (base 4) in base 11?
-329
Convert 100122010 (base 3) to base 6.
52303
What is 201012222 (base 3) in base 15?
4242
-221212220 (base 3) to base 13
-8787
Convert 1173 (base 9) to base 14.
468
Convert 37715 (base 8) to base 11.
112a9
101001100011 (base 2) to base 15
bc4
What is -320002 (base 4) in base 15?
-10e1
Convert 523 (base 13) to base 16.
36a
Convert -5c3 (base 13) to base 14.
-51a
Convert 11001010011 (base 2) to base 8.
3123
What is -85d6 (base 15) in base 14?
-a474
What is -1100010001 (base 2) in base 11?
-654
Convert 244241 (base 5) to base 4.
2101221
-496 (base 11) to base 2
-1001001101
23132 (base 5) to base 3
2021202
What is -df74 (base 16) in base 15?
-11e39
What is -11120022 (base 3) in base 10?
-3329
Convert 4310 (base 6) to base 14.
4dc
What is -345 (base 10) in base 11?
-294
-186 (base 9) to base 7
-315
What is -131301 (base 4) in base 7?
-5361
Convert -48257 (base 10) to base 16.
-bc81
-133214 (base 5) to base 4
-1110322
Convert -1764 (base 8) to base 7.
-2644
-1224 (base 13) to base 6
-15513
Convert 1712 (base 9) to base 10.
1307
What is -362 (base 12) in base 11?
-420
Convert -146125 (base 7) to base 14.
-a585
What is 130 (base 11) in base 13?
bb
Convert 601 (base 10) to base 16.
259
Convert -d475 (base 16) to base 13.
-1b9aa
What is -1092 (base 10) in base 3?
-1111110
What is 582 (base 13) in base 3?
1022020
Convert 42331 (base 7) to base 5.
313314
Convert -223 (base 16) to base 15.
-267
4555 (base 7) to base 11
1277
-222010 (base 3) to base 7
-2025
What is bd3c (base 15) in base 7?
224634
What is db2 (base 14) in base 15?
c04
What is -155 (base 10) in base 11?
-131
3420 (base 5) to base 12
345
-3b7 (base 12) to base 5
-4241
Convert -1011110011101101 (base 2) to base 5.
-3021430
What is 387 (base 15) in base 12?
56a
-348 (base 13) to base 7
-1440
What is -831a (base 11) in base 3?
-120010121
-10101120101 (base 3) to base 4
-100103002
What is -1308 (base 15) in base 8?
-7732
Convert -1e5 (base 16) to base 2.
-111100101
What is -21414 (base 5) in base 3?
-2000222
-30a43 (base 12) to base 6
-1210523
Convert 317 (base 12) to base 14.
243
Convert -3332 (base 4) to base 8.
-376
-1001110001101110 (base 2) to base 14
-10846
What is 3214 (base 12) in base 9?
7467
397 (base 16) to base 2
1110010111
Convert 1011201 (base 3) to base 9.
1151
Convert 5221 (base 11) to base 15.
20b5
-14424 (base 5) to base 7
-3420
Convert 55160 (base 8) to base 4.
11221300
Convert -301 (base 14) to base 15.
-294
Convert 2121 (base 9) to base 11.
1197
Convert -823 (base 11) to base 8.
-1741
Convert 121243 (base 5) to base 9.
6241
642 (base 8) to base 4
12202
231 (base 9) to base 2
10111110
What is -9c (base 14) in base 12?
-b6
What is -1010011100101 (base 2) in base 10?
-5349
Convert -1c24b (base 13) to base 5.
-3232301
Convert -220201101 (base 3) to base 16.
-4663
45c (base 13) to base 2
1011110001
21022 (base 5) to base 4
111223
949b (base 15) to base 14
b645
2020020 (base 4) to base 15
28ac
-8834 (base 9) to base 7
-24661
-546 (base 8) to base 3
-111021
Convert -17e (base 15) to base 7.
-1001
What is -10036 (base 8) in base 3?
-12122211
What is -b3 (base 12) in base 3?
-12000
-425212 (base 6) to base 5
-2103411
-541 (base 8) to base 5
-2403
10112213 (base 4) to base 15
543b
What is -372 (base 12) in base 2?
-1000000110
-11121001 (base 4) to base 2
-101011001000001
212021 (base 3) to base 2
1001110100
What is -1011000110 (base 2) in base 9?
-868
Convert 5404 (base 8) to base 6.
21020
What is -2029 (base 12) in base 11?
-2692
Convert -11110100000 (base 2) to base 13.
-b72
Convert -9643 (base 11) to base 2.
-11000111010000
-11e0 (base 16) to base 14
-194c
Convert -131011 (base 4) to base 10.
-1861
Convert 11537 (base 11) to base 15.
4dcc
Convert 213132 (base 4) to base 15.
b36
-311321 (base 4) to base 15
-104e
25b3a (base 13) to base 3
10120001011
Convert -1661 (base 7) to base 8.
-1250
What is -502 (base 14) in base 11?
-813
-1100111000101 (base 2) to base 8
-14705
-100010010111101 (base 2) to base 16
-44bd
-2004 (base 5) to base 7
-512
-1102 (base 7) to base 16
-18a
What is -785 (base 16) in base 8?
-3605
Convert -43423 (base 5) to base 12.
-1890
-301112 (base 4) to base 14
-1218
Convert 18804 (base 9) to base 5.
404140
Convert -1010101100011010 (base 2) to base 6.
-534442
Convert -2376 (base 8) to base 10.
-1278
Convert -225252 (base 6) to base 16.
-4b80
343 (base 10) to base 12
247
What is -5d78 (base 16) in base 7?
-126522
Convert -cd5d (base 15) to base 8.
-124771
What is 11110001111 (base 2) in base 3?
2122200
What is 9a (base 12) in base 5?
433
-12100 (base 4) to base 8
-620
What is -22a (base 14) in base 15?
-1da
Convert -6816 (base 16) to base 5.
-1323041
Convert -30133 (base 4) to base 9.
-1077
-10665 (base 11) to base 3
-210011210
Convert 16577 (base 10) to base 15.
4da2
What is 6103 (base 10) in base 6?
44131
2110120 (base 3) to base 12
1059
2842 (base 9) to base 8
4140
Convert 4069 (base 13) to base 15.
296a
Convert -21213122 (base 4) to base 7.
-222554
Convert -242 (base 8) to base 11.
-138
1413 (base 6) to base 10
369
2122100100 (base 3) to base 5
3131021
What is -41534 (base 6) in base 10?
-5602
What is 123451 (base 7) in base 8?
54526
What is 1747 (base 9) in base 11?
1008
Convert -6a0 (base 13) to base 16.
-478
What is -1111000 (base 2) in base 16?
-78
What is -202000022 (base 3) in base 7?
-60350
What is 1011010011100 (base 2) in base 8?
13234
Convert -fb (base 16) to base 12.
-18b
Convert -2e5 (base 16) to base 10.
-741
What is 9437 (base 10) in base 9?
13845
Convert -30c0 (base 14) to base 10.
-8400
What is -446 (base 10) in base 13?
-284
-1120421 (base 6) to base 9
-86384
What is -1a01 (base 12) in base 11?
-2421
Convert -b3 (base 16) to base 4.
-2303
What is 5146 (base 9) in base 4?
322320
What is -111031 (base 4) in base 16?
-54d
What is -10334 (base 5) in base 8?
-1317
Convert 1057 (base 9) to base 3.
1001221
Convert -3111 (base 4) to base 12.
-159
Convert 1100001110 (base 2) to base 9.
1058
Convert 1033 (base 10) to base 6.
4441
Convert -2b9 (base 16) to base 4.
-22321
30324 (base 5) to base 6
13032
Convert -2e0 (base 16) to base 3.
-1000021
-2c28 (base 14) to base 8
-17304
-33213320 (base 4) to base 13
-23186
Convert -443 (base 6) to base 3.
-20100
Convert 100102 (base 3) to base 16.
fe
-a8 (base 13) to base 6
-350
Convert -a3d (base 14) to base 15.
-8e5
-30033 (base 6) to base 12
-2319
What is 437 (base 11) in base 14?
296
What is -489 (base 10) in base 15?
-229
Convert 15525 (base 7) to base 14.
184c
Convert 25120 (base 7) to ba